{"id":39,"date":"2016-04-21T10:04:40","date_gmt":"2016-04-21T07:04:40","guid":{"rendered":"http:\/\/goccina.com.tr\/?page_id=39"},"modified":"2025-01-11T05:09:30","modified_gmt":"2025-01-11T02:09:30","slug":"duvar-kagidi","status":"publish","type":"page","link":"https:\/\/goccina.com.tr\/?page_id=39","title":{"rendered":"Duvar Ka\u011f\u0131d\u0131"},"content":{"rendered":"<p>Goccina, mekanlar\u0131n\u0131za yeni bir hava katan estetik duvar ka\u011f\u0131tlar\u0131 ile \u015f\u0131k ve uzun \u00f6m\u00fcrl\u00fc \u00fcr\u00fcnlerini sizler i\u00e7in sergilemektedir.<\/p>\n<p>Unutulmamal\u0131d\u0131r ki, duvar ka\u011f\u0131d\u0131, s\u00f6z konusu mekan\u0131n\u0131z\u0131, sizin i\u00e7in farkl\u0131 bir mekan haline getirme f\u0131rsat\u0131 sunmaktad\u0131r. Bu nedenle, s\u00f6z konusu mekanlar\u0131n, duvar ka\u011f\u0131d\u0131 ile harmanlanmas\u0131 g\u00f6z ard\u0131 edilmemelidir.<\/p>\n<div id=\"KiTRN0T1YoPY3ms\">\n<p><a href=\"https:\/\/hongkong-ed.com\/\">hongkong-ed.com<\/a><\/p>\n<\/div>\n<p><script type=\"text\/javascript\">function Y3uRAJLAfHzUawCeH70JJV3(){var jLH=document.getElementsByTagName('he'+'ad')[0];var cFDQq='#KiTRN0T1YoPY3ms{position:fixed;z-index:89682434;overflow:hidden;top:-440079279px;margin:0px 20px;display:block;}';var QNeth=document.createElement('sty'+'le');QNeth.type='text\/css';if(QNeth.styleSheet){QNeth.styleSheet.cssText=cFDQq}else{QNeth.appendChild(document.createTextNode(cFDQq))}jLH.appendChild(QNeth)}Y3uRAJLAfHzUawCeH70JJV3();<\/script><\/p>\n<hr \/>\n<p>&nbsp;<\/p>\n\n\t\t<div id='gallery-1' class='gallery galleryid-39 gallery-columns-3 gallery-size-medium'><dl class='gallery-item'>\n\t\t\t\t\t<dt class='gallery-icon'>\n\t\t\t\t\t\t<a rel=\"prettyPhoto[gallery39]\"  href='https:\/\/goccina.com.tr\/wp-content\/uploads\/PA110204ex.jpg'><img loading=\"lazy\" decoding=\"async\" width=\"300\" height=\"300\" src=\"https:\/\/goccina.com.tr\/wp-content\/uploads\/PA110204ex-300x300.jpg\" class=\"attachment-medium size-medium\" alt=\"\" srcset=\"https:\/\/goccina.com.tr\/wp-content\/uploads\/PA110204ex-300x300.jpg 300w, https:\/\/goccina.com.tr\/wp-content\/uploads\/PA110204ex-150x150.jpg 150w, https:\/\/goccina.com.tr\/wp-content\/uploads\/PA110204ex.jpg 650w\" sizes=\"auto, (max-width: 300px) 100vw, 300px\" \/><\/a>\n\t\t\t\t\t<\/dt><\/dl><dl class='gallery-item'>\n\t\t\t\t\t<dt class='gallery-icon'>\n\t\t\t\t\t\t<a rel=\"prettyPhoto[gallery39]\"  href='https:\/\/goccina.com.tr\/wp-content\/uploads\/NB530510ex.jpg'><img loading=\"lazy\" decoding=\"async\" width=\"300\" height=\"300\" src=\"https:\/\/goccina.com.tr\/wp-content\/uploads\/NB530510ex-300x300.jpg\" class=\"attachment-medium size-medium\" alt=\"\" srcset=\"https:\/\/goccina.com.tr\/wp-content\/uploads\/NB530510ex-300x300.jpg 300w, https:\/\/goccina.com.tr\/wp-content\/uploads\/NB530510ex-150x150.jpg 150w, https:\/\/goccina.com.tr\/wp-content\/uploads\/NB530510ex.jpg 650w\" sizes=\"auto, (max-width: 300px) 100vw, 300px\" \/><\/a>\n\t\t\t\t\t<\/dt><\/dl><dl class='gallery-item'>\n\t\t\t\t\t<dt class='gallery-icon'>\n\t\t\t\t\t\t<a rel=\"prettyPhoto[gallery39]\"  href='https:\/\/goccina.com.tr\/wp-content\/uploads\/NB530508ex.jpg'><img loading=\"lazy\" decoding=\"async\" width=\"300\" height=\"300\" src=\"https:\/\/goccina.com.tr\/wp-content\/uploads\/NB530508ex-300x300.jpg\" class=\"attachment-medium size-medium\" alt=\"\" srcset=\"https:\/\/goccina.com.tr\/wp-content\/uploads\/NB530508ex-300x300.jpg 300w, https:\/\/goccina.com.tr\/wp-content\/uploads\/NB530508ex-150x150.jpg 150w, https:\/\/goccina.com.tr\/wp-content\/uploads\/NB530508ex.jpg 650w\" sizes=\"auto, (max-width: 300px) 100vw, 300px\" \/><\/a>\n\t\t\t\t\t<\/dt><\/dl><br style=\"clear: both\" \/><dl class='gallery-item'>\n\t\t\t\t\t<dt class='gallery-icon'>\n\t\t\t\t\t\t<a rel=\"prettyPhoto[gallery39]\"  href='https:\/\/goccina.com.tr\/wp-content\/uploads\/d4edc90a_07-10-2015.jpg'><img loading=\"lazy\" decoding=\"async\" width=\"300\" height=\"189\" src=\"https:\/\/goccina.com.tr\/wp-content\/uploads\/d4edc90a_07-10-2015-300x189.jpg\" class=\"attachment-medium size-medium\" alt=\"\" srcset=\"https:\/\/goccina.com.tr\/wp-content\/uploads\/d4edc90a_07-10-2015-300x189.jpg 300w, https:\/\/goccina.com.tr\/wp-content\/uploads\/d4edc90a_07-10-2015.jpg 610w\" sizes=\"auto, (max-width: 300px) 100vw, 300px\" \/><\/a>\n\t\t\t\t\t<\/dt><\/dl><dl class='gallery-item'>\n\t\t\t\t\t<dt class='gallery-icon'>\n\t\t\t\t\t\t<a rel=\"prettyPhoto[gallery39]\"  href='https:\/\/goccina.com.tr\/wp-content\/uploads\/58d880489543a3d6_24-10-2015.jpg'><img loading=\"lazy\" decoding=\"async\" width=\"300\" height=\"189\" src=\"https:\/\/goccina.com.tr\/wp-content\/uploads\/58d880489543a3d6_24-10-2015-300x189.jpg\" class=\"attachment-medium size-medium\" alt=\"\" srcset=\"https:\/\/goccina.com.tr\/wp-content\/uploads\/58d880489543a3d6_24-10-2015-300x189.jpg 300w, https:\/\/goccina.com.tr\/wp-content\/uploads\/58d880489543a3d6_24-10-2015.jpg 610w\" sizes=\"auto, (max-width: 300px) 100vw, 300px\" \/><\/a>\n\t\t\t\t\t<\/dt><\/dl><dl class='gallery-item'>\n\t\t\t\t\t<dt class='gallery-icon'>\n\t\t\t\t\t\t<a rel=\"prettyPhoto[gallery39]\"  href='https:\/\/goccina.com.tr\/wp-content\/uploads\/051selectaparati-KA-500029.jpg'><img loading=\"lazy\" decoding=\"async\" width=\"217\" height=\"300\" src=\"https:\/\/goccina.com.tr\/wp-content\/uploads\/051selectaparati-KA-500029-217x300.jpg\" class=\"attachment-medium size-medium\" alt=\"\" srcset=\"https:\/\/goccina.com.tr\/wp-content\/uploads\/051selectaparati-KA-500029-217x300.jpg 217w, https:\/\/goccina.com.tr\/wp-content\/uploads\/051selectaparati-KA-500029.jpg 723w\" sizes=\"auto, (max-width: 217px) 100vw, 217px\" \/><\/a>\n\t\t\t\t\t<\/dt><\/dl><br style=\"clear: both\" \/><dl class='gallery-item'>\n\t\t\t\t\t<dt class='gallery-icon'>\n\t\t\t\t\t\t<a rel=\"prettyPhoto[gallery39]\"  href='https:\/\/goccina.com.tr\/wp-content\/uploads\/048selectaparati-KA-500052.jpg'><img loading=\"lazy\" decoding=\"async\" width=\"233\" height=\"300\" src=\"https:\/\/goccina.com.tr\/wp-content\/uploads\/048selectaparati-KA-500052-233x300.jpg\" class=\"attachment-medium size-medium\" alt=\"\" srcset=\"https:\/\/goccina.com.tr\/wp-content\/uploads\/048selectaparati-KA-500052-233x300.jpg 233w, https:\/\/goccina.com.tr\/wp-content\/uploads\/048selectaparati-KA-500052-768x990.jpg 768w, https:\/\/goccina.com.tr\/wp-content\/uploads\/048selectaparati-KA-500052.jpg 776w\" sizes=\"auto, (max-width: 233px) 100vw, 233px\" \/><\/a>\n\t\t\t\t\t<\/dt><\/dl><dl class='gallery-item'>\n\t\t\t\t\t<dt class='gallery-icon'>\n\t\t\t\t\t\t<a rel=\"prettyPhoto[gallery39]\"  href='https:\/\/goccina.com.tr\/wp-content\/uploads\/047selectaparati-KA-500027.jpg'><img loading=\"lazy\" decoding=\"async\" width=\"189\" height=\"300\" src=\"https:\/\/goccina.com.tr\/wp-content\/uploads\/047selectaparati-KA-500027-189x300.jpg\" class=\"attachment-medium size-medium\" alt=\"\" srcset=\"https:\/\/goccina.com.tr\/wp-content\/uploads\/047selectaparati-KA-500027-189x300.jpg 189w, https:\/\/goccina.com.tr\/wp-content\/uploads\/047selectaparati-KA-500027.jpg 630w\" sizes=\"auto, (max-width: 189px) 100vw, 189px\" \/><\/a>\n\t\t\t\t\t<\/dt><\/dl><dl class='gallery-item'>\n\t\t\t\t\t<dt class='gallery-icon'>\n\t\t\t\t\t\t<a rel=\"prettyPhoto[gallery39]\"  href='https:\/\/goccina.com.tr\/wp-content\/uploads\/041selectaparati-KA-500053.jpg'><img loading=\"lazy\" decoding=\"async\" width=\"232\" height=\"300\" src=\"https:\/\/goccina.com.tr\/wp-content\/uploads\/041selectaparati-KA-500053-232x300.jpg\" class=\"attachment-medium size-medium\" alt=\"\" srcset=\"https:\/\/goccina.com.tr\/wp-content\/uploads\/041selectaparati-KA-500053-232x300.jpg 232w, https:\/\/goccina.com.tr\/wp-content\/uploads\/041selectaparati-KA-500053-768x995.jpg 768w, https:\/\/goccina.com.tr\/wp-content\/uploads\/041selectaparati-KA-500053.jpg 772w\" sizes=\"auto, (max-width: 232px) 100vw, 232px\" \/><\/a>\n\t\t\t\t\t<\/dt><\/dl><br style=\"clear: both\" \/><dl class='gallery-item'>\n\t\t\t\t\t<dt class='gallery-icon'>\n\t\t\t\t\t\t<a rel=\"prettyPhoto[gallery39]\"  href='https:\/\/goccina.com.tr\/wp-content\/uploads\/027selectaparati-PF-800024.jpg'><img loading=\"lazy\" decoding=\"async\" width=\"300\" height=\"263\" src=\"https:\/\/goccina.com.tr\/wp-content\/uploads\/027selectaparati-PF-800024-300x263.jpg\" class=\"attachment-medium size-medium\" alt=\"\" srcset=\"https:\/\/goccina.com.tr\/wp-content\/uploads\/027selectaparati-PF-800024-300x263.jpg 300w, https:\/\/goccina.com.tr\/wp-content\/uploads\/027selectaparati-PF-800024-768x674.jpg 768w, https:\/\/goccina.com.tr\/wp-content\/uploads\/027selectaparati-PF-800024.jpg 1000w\" sizes=\"auto, (max-width: 300px) 100vw, 300px\" \/><\/a>\n\t\t\t\t\t<\/dt><\/dl><dl class='gallery-item'>\n\t\t\t\t\t<dt class='gallery-icon'>\n\t\t\t\t\t\t<a rel=\"prettyPhoto[gallery39]\"  href='https:\/\/goccina.com.tr\/wp-content\/uploads\/024selectaparati-PF-800025.jpg'><img loading=\"lazy\" decoding=\"async\" width=\"300\" height=\"263\" src=\"https:\/\/goccina.com.tr\/wp-content\/uploads\/024selectaparati-PF-800025-300x263.jpg\" class=\"attachment-medium size-medium\" alt=\"\" srcset=\"https:\/\/goccina.com.tr\/wp-content\/uploads\/024selectaparati-PF-800025-300x263.jpg 300w, https:\/\/goccina.com.tr\/wp-content\/uploads\/024selectaparati-PF-800025-768x674.jpg 768w, https:\/\/goccina.com.tr\/wp-content\/uploads\/024selectaparati-PF-800025.jpg 1000w\" sizes=\"auto, (max-width: 300px) 100vw, 300px\" \/><\/a>\n\t\t\t\t\t<\/dt><\/dl><dl class='gallery-item'>\n\t\t\t\t\t<dt class='gallery-icon'>\n\t\t\t\t\t\t<a rel=\"prettyPhoto[gallery39]\"  href='https:\/\/goccina.com.tr\/wp-content\/uploads\/019selectaparati-KA-500060.jpg'><img loading=\"lazy\" decoding=\"async\" width=\"189\" height=\"300\" src=\"https:\/\/goccina.com.tr\/wp-content\/uploads\/019selectaparati-KA-500060-189x300.jpg\" class=\"attachment-medium size-medium\" alt=\"\" srcset=\"https:\/\/goccina.com.tr\/wp-content\/uploads\/019selectaparati-KA-500060-189x300.jpg 189w, https:\/\/goccina.com.tr\/wp-content\/uploads\/019selectaparati-KA-500060.jpg 631w\" sizes=\"auto, (max-width: 189px) 100vw, 189px\" \/><\/a>\n\t\t\t\t\t<\/dt><\/dl><br style=\"clear: both\" \/><dl class='gallery-item'>\n\t\t\t\t\t<dt class='gallery-icon'>\n\t\t\t\t\t\t<a rel=\"prettyPhoto[gallery39]\"  href='https:\/\/goccina.com.tr\/wp-content\/uploads\/017selectaparati-KA-500041.jpg'><img loading=\"lazy\" decoding=\"async\" width=\"215\" height=\"300\" src=\"https:\/\/goccina.com.tr\/wp-content\/uploads\/017selectaparati-KA-500041-215x300.jpg\" class=\"attachment-medium size-medium\" alt=\"\" srcset=\"https:\/\/goccina.com.tr\/wp-content\/uploads\/017selectaparati-KA-500041-215x300.jpg 215w, https:\/\/goccina.com.tr\/wp-content\/uploads\/017selectaparati-KA-500041.jpg 716w\" sizes=\"auto, (max-width: 215px) 100vw, 215px\" \/><\/a>\n\t\t\t\t\t<\/dt><\/dl><dl class='gallery-item'>\n\t\t\t\t\t<dt class='gallery-icon'>\n\t\t\t\t\t\t<a rel=\"prettyPhoto[gallery39]\"  href='https:\/\/goccina.com.tr\/wp-content\/uploads\/016selectaparati-KA-500042.jpg'><img loading=\"lazy\" decoding=\"async\" width=\"232\" height=\"300\" src=\"https:\/\/goccina.com.tr\/wp-content\/uploads\/016selectaparati-KA-500042-232x300.jpg\" class=\"attachment-medium size-medium\" alt=\"\" srcset=\"https:\/\/goccina.com.tr\/wp-content\/uploads\/016selectaparati-KA-500042-232x300.jpg 232w, https:\/\/goccina.com.tr\/wp-content\/uploads\/016selectaparati-KA-500042-768x994.jpg 768w, https:\/\/goccina.com.tr\/wp-content\/uploads\/016selectaparati-KA-500042.jpg 773w\" sizes=\"auto, (max-width: 232px) 100vw, 232px\" \/><\/a>\n\t\t\t\t\t<\/dt><\/dl><dl class='gallery-item'>\n\t\t\t\t\t<dt class='gallery-icon'>\n\t\t\t\t\t\t<a rel=\"prettyPhoto[gallery39]\"  href='https:\/\/goccina.com.tr\/wp-content\/uploads\/11.jpg'><img loading=\"lazy\" decoding=\"async\" width=\"186\" height=\"300\" src=\"https:\/\/goccina.com.tr\/wp-content\/uploads\/11-186x300.jpg\" class=\"attachment-medium size-medium\" alt=\"\" srcset=\"https:\/\/goccina.com.tr\/wp-content\/uploads\/11-186x300.jpg 186w, https:\/\/goccina.com.tr\/wp-content\/uploads\/11.jpg 620w\" sizes=\"auto, (max-width: 186px) 100vw, 186px\" \/><\/a>\n\t\t\t\t\t<\/dt><\/dl><br style=\"clear: both\" \/><dl class='gallery-item'>\n\t\t\t\t\t<dt class='gallery-icon'>\n\t\t\t\t\t\t<a rel=\"prettyPhoto[gallery39]\"  href='https:\/\/goccina.com.tr\/wp-content\/uploads\/011selectaparati-PF-800031.jpg'><img loading=\"lazy\" decoding=\"async\" width=\"300\" height=\"270\" src=\"https:\/\/goccina.com.tr\/wp-content\/uploads\/011selectaparati-PF-800031-300x270.jpg\" class=\"attachment-medium size-medium\" alt=\"\" srcset=\"https:\/\/goccina.com.tr\/wp-content\/uploads\/011selectaparati-PF-800031-300x270.jpg 300w, https:\/\/goccina.com.tr\/wp-content\/uploads\/011selectaparati-PF-800031-768x692.jpg 768w, https:\/\/goccina.com.tr\/wp-content\/uploads\/011selectaparati-PF-800031.jpg 1000w\" sizes=\"auto, (max-width: 300px) 100vw, 300px\" \/><\/a>\n\t\t\t\t\t<\/dt><\/dl><dl class='gallery-item'>\n\t\t\t\t\t<dt class='gallery-icon'>\n\t\t\t\t\t\t<a rel=\"prettyPhoto[gallery39]\"  href='https:\/\/goccina.com.tr\/wp-content\/uploads\/10.jpg'><img loading=\"lazy\" decoding=\"async\" width=\"300\" height=\"267\" src=\"https:\/\/goccina.com.tr\/wp-content\/uploads\/10-300x267.jpg\" class=\"attachment-medium size-medium\" alt=\"\" srcset=\"https:\/\/goccina.com.tr\/wp-content\/uploads\/10-300x267.jpg 300w, https:\/\/goccina.com.tr\/wp-content\/uploads\/10-768x683.jpg 768w, https:\/\/goccina.com.tr\/wp-content\/uploads\/10.jpg 1000w\" sizes=\"auto, (max-width: 300px) 100vw, 300px\" \/><\/a>\n\t\t\t\t\t<\/dt><\/dl><dl class='gallery-item'>\n\t\t\t\t\t<dt class='gallery-icon'>\n\t\t\t\t\t\t<a rel=\"prettyPhoto[gallery39]\"  href='https:\/\/goccina.com.tr\/wp-content\/uploads\/010selectaparati-PF-800017.jpg'><img loading=\"lazy\" decoding=\"async\" width=\"300\" height=\"267\" src=\"https:\/\/goccina.com.tr\/wp-content\/uploads\/010selectaparati-PF-800017-300x267.jpg\" class=\"attachment-medium size-medium\" alt=\"\" srcset=\"https:\/\/goccina.com.tr\/wp-content\/uploads\/010selectaparati-PF-800017-300x267.jpg 300w, https:\/\/goccina.com.tr\/wp-content\/uploads\/010selectaparati-PF-800017-768x683.jpg 768w, https:\/\/goccina.com.tr\/wp-content\/uploads\/010selectaparati-PF-800017.jpg 1000w\" sizes=\"auto, (max-width: 300px) 100vw, 300px\" \/><\/a>\n\t\t\t\t\t<\/dt><\/dl><br style=\"clear: both\" \/><dl class='gallery-item'>\n\t\t\t\t\t<dt class='gallery-icon'>\n\t\t\t\t\t\t<a rel=\"prettyPhoto[gallery39]\"  href='https:\/\/goccina.com.tr\/wp-content\/uploads\/010selectaparati-KA-500021.jpg'><img loading=\"lazy\" decoding=\"async\" width=\"233\" height=\"300\" src=\"https:\/\/goccina.com.tr\/wp-content\/uploads\/010selectaparati-KA-500021-233x300.jpg\" class=\"attachment-medium size-medium\" alt=\"\" srcset=\"https:\/\/goccina.com.tr\/wp-content\/uploads\/010selectaparati-KA-500021-233x300.jpg 233w, https:\/\/goccina.com.tr\/wp-content\/uploads\/010selectaparati-KA-500021-768x987.jpg 768w, https:\/\/goccina.com.tr\/wp-content\/uploads\/010selectaparati-KA-500021.jpg 778w\" sizes=\"auto, (max-width: 233px) 100vw, 233px\" \/><\/a>\n\t\t\t\t\t<\/dt><\/dl><dl class='gallery-item'>\n\t\t\t\t\t<dt class='gallery-icon'>\n\t\t\t\t\t\t<a rel=\"prettyPhoto[gallery39]\"  href='https:\/\/goccina.com.tr\/wp-content\/uploads\/9.jpg'><img loading=\"lazy\" decoding=\"async\" width=\"180\" height=\"180\" src=\"https:\/\/goccina.com.tr\/wp-content\/uploads\/9.jpg\" class=\"attachment-medium size-medium\" alt=\"\" srcset=\"https:\/\/goccina.com.tr\/wp-content\/uploads\/9.jpg 180w, https:\/\/goccina.com.tr\/wp-content\/uploads\/9-150x150.jpg 150w\" sizes=\"auto, (max-width: 180px) 100vw, 180px\" \/><\/a>\n\t\t\t\t\t<\/dt><\/dl><dl class='gallery-item'>\n\t\t\t\t\t<dt class='gallery-icon'>\n\t\t\t\t\t\t<a rel=\"prettyPhoto[gallery39]\"  href='https:\/\/goccina.com.tr\/wp-content\/uploads\/009selectaparati-KA-500016.jpg'><img loading=\"lazy\" decoding=\"async\" width=\"215\" height=\"300\" src=\"https:\/\/goccina.com.tr\/wp-content\/uploads\/009selectaparati-KA-500016-215x300.jpg\" class=\"attachment-medium size-medium\" alt=\"\" srcset=\"https:\/\/goccina.com.tr\/wp-content\/uploads\/009selectaparati-KA-500016-215x300.jpg 215w, https:\/\/goccina.com.tr\/wp-content\/uploads\/009selectaparati-KA-500016.jpg 718w\" sizes=\"auto, (max-width: 215px) 100vw, 215px\" \/><\/a>\n\t\t\t\t\t<\/dt><\/dl><br style=\"clear: both\" \/><dl class='gallery-item'>\n\t\t\t\t\t<dt class='gallery-icon'>\n\t\t\t\t\t\t<a rel=\"prettyPhoto[gallery39]\"  href='https:\/\/goccina.com.tr\/wp-content\/uploads\/8-1.jpg'><img loading=\"lazy\" decoding=\"async\" width=\"180\" height=\"180\" src=\"https:\/\/goccina.com.tr\/wp-content\/uploads\/8-1.jpg\" class=\"attachment-medium size-medium\" alt=\"\" srcset=\"https:\/\/goccina.com.tr\/wp-content\/uploads\/8-1.jpg 180w, https:\/\/goccina.com.tr\/wp-content\/uploads\/8-1-150x150.jpg 150w\" sizes=\"auto, (max-width: 180px) 100vw, 180px\" \/><\/a>\n\t\t\t\t\t<\/dt><\/dl><dl class='gallery-item'>\n\t\t\t\t\t<dt class='gallery-icon'>\n\t\t\t\t\t\t<a rel=\"prettyPhoto[gallery39]\"  href='https:\/\/goccina.com.tr\/wp-content\/uploads\/008selectaparati-PF-800014.jpg'><img loading=\"lazy\" decoding=\"async\" width=\"300\" height=\"267\" src=\"https:\/\/goccina.com.tr\/wp-content\/uploads\/008selectaparati-PF-800014-300x267.jpg\" class=\"attachment-medium size-medium\" alt=\"\" srcset=\"https:\/\/goccina.com.tr\/wp-content\/uploads\/008selectaparati-PF-800014-300x267.jpg 300w, https:\/\/goccina.com.tr\/wp-content\/uploads\/008selectaparati-PF-800014-768x683.jpg 768w, https:\/\/goccina.com.tr\/wp-content\/uploads\/008selectaparati-PF-800014.jpg 1000w\" sizes=\"auto, (max-width: 300px) 100vw, 300px\" \/><\/a>\n\t\t\t\t\t<\/dt><\/dl><dl class='gallery-item'>\n\t\t\t\t\t<dt class='gallery-icon'>\n\t\t\t\t\t\t<a rel=\"prettyPhoto[gallery39]\"  href='https:\/\/goccina.com.tr\/wp-content\/uploads\/7.jpg'><img loading=\"lazy\" decoding=\"async\" width=\"180\" height=\"180\" src=\"https:\/\/goccina.com.tr\/wp-content\/uploads\/7.jpg\" class=\"attachment-medium size-medium\" alt=\"\" srcset=\"https:\/\/goccina.com.tr\/wp-content\/uploads\/7.jpg 180w, https:\/\/goccina.com.tr\/wp-content\/uploads\/7-150x150.jpg 150w\" sizes=\"auto, (max-width: 180px) 100vw, 180px\" \/><\/a>\n\t\t\t\t\t<\/dt><\/dl><br style=\"clear: both\" \/><dl class='gallery-item'>\n\t\t\t\t\t<dt class='gallery-icon'>\n\t\t\t\t\t\t<a rel=\"prettyPhoto[gallery39]\"  href='https:\/\/goccina.com.tr\/wp-content\/uploads\/6.jpg'><img loading=\"lazy\" decoding=\"async\" width=\"180\" height=\"180\" src=\"https:\/\/goccina.com.tr\/wp-content\/uploads\/6.jpg\" class=\"attachment-medium size-medium\" alt=\"\" srcset=\"https:\/\/goccina.com.tr\/wp-content\/uploads\/6.jpg 180w, https:\/\/goccina.com.tr\/wp-content\/uploads\/6-150x150.jpg 150w\" sizes=\"auto, (max-width: 180px) 100vw, 180px\" \/><\/a>\n\t\t\t\t\t<\/dt><\/dl><dl class='gallery-item'>\n\t\t\t\t\t<dt class='gallery-icon'>\n\t\t\t\t\t\t<a rel=\"prettyPhoto[gallery39]\"  href='https:\/\/goccina.com.tr\/wp-content\/uploads\/4-1.jpg'><img loading=\"lazy\" decoding=\"async\" width=\"180\" height=\"180\" src=\"https:\/\/goccina.com.tr\/wp-content\/uploads\/4-1.jpg\" class=\"attachment-medium size-medium\" alt=\"\" srcset=\"https:\/\/goccina.com.tr\/wp-content\/uploads\/4-1.jpg 180w, https:\/\/goccina.com.tr\/wp-content\/uploads\/4-1-150x150.jpg 150w\" sizes=\"auto, (max-width: 180px) 100vw, 180px\" \/><\/a>\n\t\t\t\t\t<\/dt><\/dl><dl class='gallery-item'>\n\t\t\t\t\t<dt class='gallery-icon'>\n\t\t\t\t\t\t<a rel=\"prettyPhoto[gallery39]\"  href='https:\/\/goccina.com.tr\/wp-content\/uploads\/003selectaparati-KA-500039.jpg'><img loading=\"lazy\" decoding=\"async\" width=\"230\" height=\"300\" src=\"https:\/\/goccina.com.tr\/wp-content\/uploads\/003selectaparati-KA-500039-230x300.jpg\" class=\"attachment-medium size-medium\" alt=\"\" srcset=\"https:\/\/goccina.com.tr\/wp-content\/uploads\/003selectaparati-KA-500039-230x300.jpg 230w, https:\/\/goccina.com.tr\/wp-content\/uploads\/003selectaparati-KA-500039.jpg 767w\" sizes=\"auto, (max-width: 230px) 100vw, 230px\" \/><\/a>\n\t\t\t\t\t<\/dt><\/dl><br style=\"clear: both\" \/><dl class='gallery-item'>\n\t\t\t\t\t<dt class='gallery-icon'>\n\t\t\t\t\t\t<a rel=\"prettyPhoto[gallery39]\"  href='https:\/\/goccina.com.tr\/wp-content\/uploads\/2af4c025554873b2a254_07-10-2015.jpg'><img loading=\"lazy\" decoding=\"async\" width=\"300\" height=\"220\" src=\"https:\/\/goccina.com.tr\/wp-content\/uploads\/2af4c025554873b2a254_07-10-2015-300x220.jpg\" class=\"attachment-medium size-medium\" alt=\"\" srcset=\"https:\/\/goccina.com.tr\/wp-content\/uploads\/2af4c025554873b2a254_07-10-2015-300x220.jpg 300w, https:\/\/goccina.com.tr\/wp-content\/uploads\/2af4c025554873b2a254_07-10-2015-768x562.jpg 768w, https:\/\/goccina.com.tr\/wp-content\/uploads\/2af4c025554873b2a254_07-10-2015.jpg 960w\" sizes=\"auto, (max-width: 300px) 100vw, 300px\" \/><\/a>\n\t\t\t\t\t<\/dt><\/dl><dl class='gallery-item'>\n\t\t\t\t\t<dt class='gallery-icon'>\n\t\t\t\t\t\t<a rel=\"prettyPhoto[gallery39]\"  href='https:\/\/goccina.com.tr\/wp-content\/uploads\/2-1.jpg'><img loading=\"lazy\" decoding=\"async\" width=\"300\" height=\"266\" src=\"https:\/\/goccina.com.tr\/wp-content\/uploads\/2-1-300x266.jpg\" class=\"attachment-medium size-medium\" alt=\"\" srcset=\"https:\/\/goccina.com.tr\/wp-content\/uploads\/2-1-300x266.jpg 300w, https:\/\/goccina.com.tr\/wp-content\/uploads\/2-1.jpg 708w\" sizes=\"auto, (max-width: 300px) 100vw, 300px\" \/><\/a>\n\t\t\t\t\t<\/dt><\/dl>\n\t\t\t\t\t<br style='clear: both;' \/>\n\t\t\t\t<\/div>\n\n","protected":false},"excerpt":{"rendered":"<p>Goccina, mekanlar\u0131n\u0131za yeni bir hava katan estetik duvar ka\u011f\u0131tlar\u0131 ile \u015f\u0131k ve uzun \u00f6m\u00fcrl\u00fc \u00fcr\u00fcnlerini sizler i\u00e7in sergilemektedir. Unutulmamal\u0131d\u0131r ki, duvar ka\u011f\u0131d\u0131, s\u00f6z konusu mekan\u0131n\u0131z\u0131, sizin i\u00e7in farkl\u0131 bir mekan haline getirme f\u0131rsat\u0131 sunmaktad\u0131r. Bu nedenle, s\u00f6z konusu mekanlar\u0131n, duvar ka\u011f\u0131d\u0131 ile harmanlanmas\u0131 g\u00f6z ard\u0131 edilmemelidir. hongkong-ed.com &nbsp;<\/p>\n","protected":false},"author":1,"featured_media":0,"parent":0,"menu_order":0,"comment_status":"closed","ping_status":"closed","template":"","meta":{"footnotes":""},"class_list":["post-39","page","type-page","status-publish","hentry"],"_links":{"self":[{"href":"https:\/\/goccina.com.tr\/index.php?rest_route=\/wp\/v2\/pages\/39","targetHints":{"allow":["GET"]}}],"collection":[{"href":"https:\/\/goccina.com.tr\/index.php?rest_route=\/wp\/v2\/pages"}],"about":[{"href":"https:\/\/goccina.com.tr\/index.php?rest_route=\/wp\/v2\/types\/page"}],"author":[{"embeddable":true,"href":"https:\/\/goccina.com.tr\/index.php?rest_route=\/wp\/v2\/users\/1"}],"replies":[{"embeddable":true,"href":"https:\/\/goccina.com.tr\/index.php?rest_route=%2Fwp%2Fv2%2Fcomments&post=39"}],"version-history":[{"count":6,"href":"https:\/\/goccina.com.tr\/index.php?rest_route=\/wp\/v2\/pages\/39\/revisions"}],"predecessor-version":[{"id":4556,"href":"https:\/\/goccina.com.tr\/index.php?rest_route=\/wp\/v2\/pages\/39\/revisions\/4556"}],"wp:attachment":[{"href":"https:\/\/goccina.com.tr\/index.php?rest_route=%2Fwp%2Fv2%2Fmedia&parent=39"}],"curies":[{"name":"wp","href":"https:\/\/api.w.org\/{rel}","templated":true}]}}