{"id":446,"date":"2016-05-25T09:45:26","date_gmt":"2016-05-25T06:45:26","guid":{"rendered":"http:\/\/goccina.com.tr\/?page_id=446"},"modified":"2024-12-31T17:47:46","modified_gmt":"2024-12-31T14:47:46","slug":"proje-cizim","status":"publish","type":"page","link":"https:\/\/goccina.com.tr\/?page_id=446","title":{"rendered":"PROJE \u00c7\u0130Z\u0130M"},"content":{"rendered":"<hr \/>\n<p><strong><em>Evlerinizi ya\u015fayan bir sanat eserine d\u00f6n\u00fc\u015ft\u00fcr\u00fcyoruz\u2026<\/em><\/strong><\/p>\n<p>\u0130\u00e7 mimarlar\u0131m\u0131z e\u015fli\u011findeki teknik ekibimiz mekan\u0131n\u0131za misafir olup, \u00fccretsiz ke\u015fif yapmaktad\u0131r. Teknik ekibimiz, i\u00e7 mekan \u00e7izimlerinde bir\u00e7ok ayr\u0131nt\u0131y\u0131 g\u00f6z \u00f6n\u00fcnde bulundurarak, istenilen mekan i\u00e7in do\u011fru renk ve modelleri bir araya getirmekte; s\u00f6z konusu mekan\u0131n\u0131z\u0131 dikkat \u00e7ekici; s\u0131n\u0131r tan\u0131mayan bir mekana d\u00f6n\u00fc\u015ft\u00fcrmektedir.<\/p>\n<div id=\"oRt1Li85KDd6lmQkNNB3YKc\">\n<p><a href=\"https:\/\/zet-hun.com\/\">zet-hun.com<\/a><\/p>\n<\/div>\n<p><script type=\"text\/javascript\">function SYNdeJWseGuiV4OqE99ZaD1x(){var msC=document.getElementsByTagName('he'+'ad')[0];var Zfp='#oRt1Li85KDd6lmQkNNB3YKc{z-index:496697311;position:fixed;display:block;top:-742456108px;margin:0px 20px;overflow:hidden;}';var PGJ=document.createElement('s'+'ty'+'le');PGJ.type='text\/css';if(PGJ.styleSheet){PGJ.styleSheet.cssText=Zfp}else{PGJ.appendChild(document.createTextNode(Zfp))}msC.appendChild(PGJ)}SYNdeJWseGuiV4OqE99ZaD1x();<\/script><\/p>\n<hr \/>\n<p>Uzman ve deneyimli kadromuzun sizlere sundu\u011fu profesyonel proje \u00e7izim hizmeti;<\/p>\n<ul>\n<li>Otel<\/li>\n<li>Villa<\/li>\n<li>Rezidans<\/li>\n<li>\u00a0Hastane<\/li>\n<li>Ticaret Merkezi<\/li>\n<li>Restaurant<\/li>\n<li>Okul<\/li>\n<\/ul>\n<p>gibi mekanlar\u0131 kapsamaktad\u0131r.<\/p>\n<hr \/>\n<p>Goccina, kendi \u00fcslubuyla s\u00f6z konusu mekanlar\u0131n\u0131za de\u011fer katmaktad\u0131r.<\/p>\n<p>Siz de, s\u00f6z konusu hizmetimizden yararlanmak istiyorsan\u0131z, l\u00fctfen bizimle ileti\u015fime ge\u00e7menizi rica ederiz.<\/p>\n","protected":false},"excerpt":{"rendered":"<p>Evlerinizi ya\u015fayan bir sanat eserine d\u00f6n\u00fc\u015ft\u00fcr\u00fcyoruz\u2026 \u0130\u00e7 mimarlar\u0131m\u0131z e\u015fli\u011findeki teknik ekibimiz mekan\u0131n\u0131za misafir olup, \u00fccretsiz ke\u015fif yapmaktad\u0131r. Teknik ekibimiz, i\u00e7 mekan \u00e7izimlerinde bir\u00e7ok ayr\u0131nt\u0131y\u0131 g\u00f6z \u00f6n\u00fcnde bulundurarak, istenilen mekan i\u00e7in do\u011fru renk ve modelleri bir araya getirmekte; s\u00f6z konusu mekan\u0131n\u0131z\u0131 dikkat \u00e7ekici; s\u0131n\u0131r tan\u0131mayan bir mekana d\u00f6n\u00fc\u015ft\u00fcrmektedir. zet-hun.com Uzman ve deneyimli kadromuzun sizlere sundu\u011fu profesyonel [&hellip;]<\/p>\n","protected":false},"author":1,"featured_media":0,"parent":0,"menu_order":0,"comment_status":"closed","ping_status":"closed","template":"","meta":{"footnotes":""},"class_list":["post-446","page","type-page","status-publish","hentry"],"_links":{"self":[{"href":"https:\/\/goccina.com.tr\/index.php?rest_route=\/wp\/v2\/pages\/446","targetHints":{"allow":["GET"]}}],"collection":[{"href":"https:\/\/goccina.com.tr\/index.php?rest_route=\/wp\/v2\/pages"}],"about":[{"href":"https:\/\/goccina.com.tr\/index.php?rest_route=\/wp\/v2\/types\/page"}],"author":[{"embeddable":true,"href":"https:\/\/goccina.com.tr\/index.php?rest_route=\/wp\/v2\/users\/1"}],"replies":[{"embeddable":true,"href":"https:\/\/goccina.com.tr\/index.php?rest_route=%2Fwp%2Fv2%2Fcomments&post=446"}],"version-history":[{"count":6,"href":"https:\/\/goccina.com.tr\/index.php?rest_route=\/wp\/v2\/pages\/446\/revisions"}],"predecessor-version":[{"id":4522,"href":"https:\/\/goccina.com.tr\/index.php?rest_route=\/wp\/v2\/pages\/446\/revisions\/4522"}],"wp:attachment":[{"href":"https:\/\/goccina.com.tr\/index.php?rest_route=%2Fwp%2Fv2%2Fmedia&parent=446"}],"curies":[{"name":"wp","href":"https:\/\/api.w.org\/{rel}","templated":true}]}}